6)*9. Calculate the greatest common divisor of 4 and c.
2
Suppose w + 2 - 77 = 0. Suppose 5*x + 5*i = w, -8 = -i - 3*i. Calculate the highest common divisor of x and 143.
13
Let w(n) = n + 8. Let j be w(-6). Let l be 1/j*-2 - -15. Suppose t = -5*a + 200, 0 = 5*a - 4*t - l - 186. Calculate the greatest common factor of a and 8.
8
Let g = 49 + -22. Let z be 1/1 - (2 - g). Suppose 0 = -3*k - 11 + z. Calculate the highest common factor of k and 25.
5
Let b = 19 - 10. Calculate the highest common factor of b and 81.
9
Suppose 0 = 5*m - 4*r - 238, -3*r - 131 = -5*m + 110. Suppose 4*f = 6 + m. Let b = 325 - 213. What is the highest common factor of b and f?
14
Let f(x) = 19*x**3 - 2*x**2 + 1. Let u be f(1). Suppose 2*b - 3*t = 15, 5*b - 1 = 2*t + 64. Let a = -6 + b. Calculate the highest common divisor of a and u.
9
Let r be (-8)/14*56/(-16). Suppose -3*w + 26 = 2*a, -4*w + r*w - 5*a + 21 = 0. Suppose -97 = -5*k - 37. What is the highest common factor of k and w?
4
Suppose 4*t - 4*w = -3*w + 23, 5*t - 31 = 2*w. Let q = 96 + 234. Let z be 4/6*q/4. What is the highest common divisor of z and t?
5
Suppose -4*p + 2*p + 54 = 0. Let y be (1 + -4)*100/12. Let h = y - -43. What is the highest common divisor of p and h?
9
Let g(h) = h**3 - 5*h**2 + 5*h. Let q be g(4). Suppose -54 = -q*o + 18. What is the highest common divisor of o and 2?
2
Suppose 5*d + 46 = -19. Let h = 45 + d. Let f = 13 + h. What is the highest common factor of 18 and f?
9
Let t(s) = -s**3 + s. Let p be t(2). Let d be p*(-1 + 34/(-6)). What is the highest common factor of 60 and d?
20
Let h be ((-84)/49 + 2)*7. Let z(j) = j**2 + j - 1. Let w be z(-2). Calculate the greatest common factor of w and h.
1
Let c(h) = -h**3 + 3*h**2 + 8*h - 2. Let z be c(4). Let b be 42/1 + 0/1. Calculate the greatest common divisor of z and b.
14
Suppose -5*t = 0, -5*g + 3*g = -2*t - 24. Suppose 4*m = -3*n - 2 + 14, -5*n + 2*m + 20 = 0. What is the greatest common divisor of g and n?
4
Suppose f - 2 = -w + 4*f, 2*f + 4 = w. Let q be (-30 - 2)*30/(-24). Calculate the greatest common divisor of q and w.
8
Suppose 4*q = 3*x - 337, q - x = -2*q - 249. Let a = q + 271. What is the greatest common divisor of a and 27?
27
Let r be 1 + 75 + 1 + 0. Suppose 4*a - 26 = 2*v, 5*a - 33 = 4*v - 2*v. Calculate the highest common factor of r and a.
7
Let y be (38 + -2)/(6 - 4). What is the greatest common factor of 90 and y?
18
Let z be 16 + 34 - (-6)/(-1). What is the highest common factor of 352 and z?
44
Let b be (-2)/(((-8)/(-6))/(-4)). Suppose 244 = 5*z - b. Let o(m) = 2*m + 4. Let q be o(3). Calculate the highest common factor of q and z.
10
Suppose -5*w - 19 = 2*q, 3*w - 4*q - 1 = q. Let m = w + 8. Calculate the highest common factor of m and 20.
5
Let v be 69/(-2)*(2 - 4). Let c = -47 + v. Calculate the highest common factor of c and 33.
11
Suppose 16 + 23 = -3*y. Let b(g) = -g - 4. Let x be b(y). Calculate the greatest common divisor of 63 and x.
9
Let b = -39 - -69. What is the greatest common factor of b and 6?
6
Suppose 48 = -3*u + 7*u. Suppose -31 + 211 = 3*m. What is the greatest common factor of m and u?
12
Suppose 107 + 53 = 4*d. What is the highest common factor of d and 16?
8
Let q(b) = b**3 + 6*b**2 + 3*b + 2. Let d be q(-4). What is the highest common divisor of 2 and d?
2
Let j = -4 + 18. Let o = 21 + -14. What is the greatest common factor of o and j?
7
Suppose 12 = 5*d - 2*d. Suppose 18 = -d*c + 698. Suppose -4*x = x + 2*u - 79, 0 = -5*x + 3*u + 94. Calculate the greatest common divisor of c and x.
17
Suppose -5*n = -3*h + 10, -4*n + 5*h + 12 - 33 = 0. Let g be (-1 - 2/n) + 79. Calculate the greatest common divisor of 19 and g.
19
Let i(g) = g**2 + 30. Let w be i(0). What is the highest common divisor of w and 20?
10
Let i(s) = 5*s - 4. Let k be i(5). Let b = -4 - 2. Let x = b + k. What is the highest common factor of 45 and x?
15
Let p(f) = -f - 1. Let s(l) = 4*l + 10. Let i(h) = 6*p(h) + s(h). Let b be i(-4). Calculate the greatest common factor of 84 and b.
12
Let y be (-3 - -3)/(2/1). Suppose y = -3*b + b. Suppose w - 5*i - 36 + 3 = 0, b = 5*w + 3*i - 81. What is the highest common divisor of w and 2?
2
Suppose w - 3 + 16 = o, 5*o = -5*w + 115. Let u = 21 + 6. What is the highest common divisor of u and o?
9
Suppose -5*h - 4*g + 156 = 0, 2*g - 25 = -h + 5. Suppose r + 0*q + 5*q = h, -4*r + 98 = 5*q. What is the highest common factor of 11 and r?
11
Suppose -4*p - 25 + 37 = 0. Suppose q - 5*q + 8 = 0, p*m = -2*q + 61. What is the greatest common factor of m and 171?
19
Let k be (-943)/(-9) - (-2)/9. Suppose 24 = 4*r + 4. Let g(w) = 2*w + 5. Let z be g(r). Calculate the highest common divisor of z and k.
15
Let l be 6*-3*12/(-9). What is the greatest common divisor of l and 84?
12
Let c = 16 + -10. Let n be 28/6 + c/(-9). Calculate the highest common divisor of n and 4.
4
Let v = -33 + 45. Calculate the highest common divisor of v and 84.
12
Let p(d) = -9*d - 2. Let c be p(-2). Let z = -45 - -221. What is the greatest common factor of c and z?
16
Let d = -248 - -527. Let y = 468 - d. Let t(h) = -5*h + 6. Let z be t(-3). Calculate the greatest common divisor of z and y.
21
Let k be (-11)/(-2) + (-10)/(-20). Calculate the highest common divisor of 6 and k.
6
Let l be (4 + 0)/((-10)/(-60)). What is the highest common factor of l and 36?
12
Let m be 207*(5 + -1 + -3). Let y = m - 123. What is the greatest common divisor of y and 14?
14
Let m(a) = -a**3 - 11*a**2 - 10*a - 12. Let r be m(-10). Let j be 7*12*r/(-9). What is the highest common factor of 16 and j?
16
Suppose 0 = 4*z + 3*s + 32, s + 16 = -2*z - 2*s. Let v(i) = i**3 + 8*i**2 - 9*i - 7. Let a be v(z). What is the greatest common factor of a and 26?
13
Let b be (2 - -1) + 477/9. Let m = -8 + 16. Calculate the highest common divisor of m and b.
8
Let c be (2/(-6))/((-2)/18). Suppose -5*j + 15 = 0, 5*j = -c*q + 30 + 9. Calculate the greatest common factor of 40 and q.
8
Let x(g) = g**3 - 5*g**2 + 5*g + 5. Let f be x(5). What is the greatest common divisor of f and 120?
30
Suppose -2*c - 40 = -4*c. Let s(r) = -r**3 + 7*r**2 - 5*r + 9. Let y be s(6). Suppose 5*m + y = 115. Calculate the greatest common divisor of c and m.
20
Suppose 16 = n - b - 15, 4*b = -3*n + 121. What is the highest common factor of 70 and n?
35
Let t be 37/(-6 + 25/4). Calculate the greatest common divisor of t and 37.
37
Let b be (42/(-8))/(12/(-32)). Let j be 4/14 - (-668)/b. Let f = 34 + -2. What is the highest common divisor of j and f?
16
Let q = -1 + 4. Suppose -q*z = -5*h + h - 2, -5*z + 7 = -3*h. Calculate the highest common divisor of 2 and z.
2
Suppose 10*q - 6*q - 84 = 0. Calculate the highest common factor of 105 and q.
21
Suppose 7*p - 3*z = 2*p + 4, 0 = p + 2*z - 6. Let k be 2 - -10 - (2 - p). Calculate the greatest common factor of k and 30.
6
Suppose 5*g + 48 = 2*g. Let w = -7 - g. What is the highest common divisor of w and 45?
9
Let j be 728/13 + (-1 - -1). Let i(b) = -b + 7. Let q be i(0). Calculate the highest common factor of q and j.
7
Let d(q) = 11*q**3 + 2 + q - 4 + 0*q**3 - 2*q. Let c be d(2). Calculate the greatest common factor of c and 12.
12
Let a be -54*(3 - (-21)/(-6)). Suppose -5 + 14 = v. Suppose 4*n - 5*n = -v. Calculate the highest common divisor of a and n.
9
Suppose 5*f - 1 = 44. Let s be (-1)/(3/f) - -120. Let y be 13 - (1 - 1)/(-1). What is the greatest common divisor of y and s?
13
Suppose -5*l + 54 = -2*t, 6*l - l = -5*t - 170. Let r = -23 - t. Calculate the greatest common factor of r and 9.
9
Let l be (-9)/(-27) - (-26)/3. Let c be 3*(2/1)/2. What is the greatest common divisor of c and l?
3
Let u(w) = -7*w - 1. Let c be 2/(-7) - 37/(-7). Suppose -32 = 5*b - 3*h, 0*h + 34 = -c*b + h. Let j be u(b). What is the greatest common divisor of j and 12?
12
Suppose 5*r + 4 + 1 = 0. Let y = 19 - r. What is the highest common divisor of 50 and y?
10
Let r be (9 - 0) + 0/(-5). Suppose 0 = j + c + 3 - 8, -c = 5*j - 41. What is the highest common factor of r and j?
9
Let c(x) = x**3 - 10*x**2 - 10*x - 1. Let h be c(11). Calculate the highest common factor of 40 and h.
10
Let t be -3*(-1 - 61/3). What is the greatest common divisor of t and 8?
8
Let i(g) be the second derivative of g**3/6 - 7*g**2 + g. Let t be i(10). Let m(l) = -3*l - 4. Let p be